1293?
True
Does 303 divide 5787341?
False
Is 390 a factor of 1258372440?
True
Is 233 a factor of 104134690?
True
Does 2024 divide 25630913?
False
Does 763 divide 42554036?
True
Is 161914060 a multiple of 235?
True
Is 38180520 a multiple of 35?
True
Is 10 a factor of 401078478?
False
Is 104028184 a multiple of 104?
True
Does 128 divide 116467434?
False
Is 3 a factor of 64188?
True
Does 1719 divide 208007595?
True
Is 15431548 a multiple of 4?
True
Is 54 a factor of 10388833?
False
Is 3344505095 a multiple of 1655?
True
Does 327 divide 508714348?
False
Does 9 divide 20761470?
True
Is 55921425 a multiple of 2175?
True
Is 602 a factor of 82257280?
True
Is 21723820 even?
True
Is 47643064 a multiple of 2636?
True
Is 157 a factor of 7492141?
False
Is 20 a factor of 11326860?
True
Does 198 divide 69233197?
False
Does 50 divide 408372250?
True
Is 66 a factor of 552415974?
True
Does 6 divide 1025916?
True
Is 27073190 a multiple of 176?
False
Is 3323556 a multiple of 30?
False
Is 21703002 a multiple of 141?
True
Is 10 a factor of 40794130?
True
Is 26081991 a multiple of 39?
True
Is 42604724 a multiple of 66?
False
Is 6823444 a multiple of 5?
False
Is 2491435405 a multiple of 2089?
True
Is 4339220681 a multiple of 101?
True
Is 23 a factor of 1170449888?
False
Does 806 divide 78066181?
False
Does 23 divide 921472094?
False
Does 28 divide 324817920?
True
Is 72 a factor of 618115124?
False
Is 43653151 a multiple of 103?
True
Does 8 divide 2996152?
True
Is 122759920 a multiple of 73?
False
Does 477 divide 28046829?
False
Is 697635019 a multiple of 2951?
False
Is 49 a factor of 195083682?
False
Is 6 a factor of 10346618?
False
Is 343559439 a multiple of 25?
False
Is 22535070 a multiple of 18?
False
Is 70 a factor of 1260281?
False
Is 5453555 a multiple of 1814?
False
Is 2562021000 a multiple of 300?
True
Is 712 a factor of 2263616629?
False
Is 955810632 a multiple of 208?
False
Is 653 a factor of 60934666?
False
Is 24060950 a multiple of 501?
False
Is 30 a factor of 64110690?
True
Is 56067330 a multiple of 11?
True
Does 502 divide 629948254?
True
Is 10984850 a multiple of 10?
True
Does 275 divide 263880925?
True
Does 22 divide 57752617?
False
Does 52 divide 295068794?
False
Does 154 divide 160524980?
True
Is 230428907 a multiple of 173?
True
Is 625478854 a multiple of 154?
True
Is 2139764864 a multiple of 64?
True
Is 3036797780 a multiple of 268?
True
Does 19 divide 49776931?
False
Is 54 a factor of 73643488?
False
Is 9243 a factor of 2665773630?
True
Is 28 a factor of 289936388?
True
Does 152 divide 478192?
True
Is 6 a factor of 39032865?
False
Does 49 divide 78691011?
True
Does 218 divide 21855154?
True
Is 225665974 a multiple of 1109?
True
Does 21 divide 26952723?
True
Is 22 a factor of 28386314?
True
Does 120 divide 471705480?
True
Is 152837300 a multiple of 115?
True
Is 454495964 a multiple of 20?
False
Does 644 divide 110477912?
False
Does 346 divide 3492724251?
False
Is 11358 a factor of 2311659666?
True
Is 12 a factor of 5474803?
False
Does 4 divide 74195602?
False
Does 48 divide 32662489?
False
Is 1836 a factor of 231317640?
True
Does 6178 divide 1228921582?
True
Does 267 divide 19197567?
True
Is 101 a factor of 3968067901?
True
Is 1140339975 a multiple of 15?
True
Is 520435575 a multiple of 75?
True
Is 1133 a factor of 15599245?
False
Does 28 divide 41826120?
True
Is 239 a factor of 5318427565?
True
Is 847642162 a multiple of 154?
False
Is 44750493 a multiple of 560?
False
Is 764 a factor of 272963158?
False
Does 917 divide 9502871?
True
Does 1596 divide 1060239499?
False
Is 355692792 a multiple of 1092?
True
Is 574 a factor of 59075819?
False
Is 3567860608 a multiple of 64?
True
Does 2213 divide 477886285?
True
Does 94 divide 768298985?
False
Is 78233883 a multiple of 53?
True
Is 2723 a factor of 169087408?
True
Does 537 divide 44156973?
True
Is 2559781989 a multiple of 223?
True
Is 522 a factor of 137579818?
False
Does 15 divide 95438784?
False
Does 2 divide 689676?
True
Is 76139818 a multiple of 191?
False
Is 56 a factor of 788537769?
False
Is 539 a factor of 166370435?
True
Does 81 divide 6117295906?
False
Is 8383053 a multiple of 45?
False
Is 43 a factor of 12300087?
False
Does 2342 divide 1077320?
True
Is 2326774010 a multiple of 470?
True
Is 359427146 a multiple of 658?
False
Does 24 divide 7624704?
True
Does 7 divide 1801744603?
False
Is 1099 a factor of 940622614?
False
Is 64498530 a multiple of 30?
True
Does 432 divide 1298280096?
True
Is 3307 a factor of 2991045913?
True
Is 9038134 a multiple of 7?
True
Does 13 divide 180900460?
True
Is 10 a factor of 143692124?
False
Is 461 a factor of 387007656?
True
Does 1149 divide 497731863?
True
Is 2096 a factor of 1090463307?
False
Does 3 divide 15247678?
False
Does 500 divide 1598469932?
False
Is 3331625235 a multiple of 289?
True
Is 30139911 a multiple of 27?
True
Does 81 divide 26576640?
False
Is 601 a factor of 78142020?
True
Does 9 divide 20096954?
False
Does 923 divide 18511774?
False
Does 28 divide 43501276?
True
Is 318550850 a multiple of 5745?
False
Is 26 a factor of 214762574?
True
Does 19 divide 77400015?
True
Does 5131 divide 3492391903?
False
Is 106017333 a multiple of 1561?
False
Is 7691 a factor of 173608943?
True
Is 316639536 a multiple of 43?
False
Is 53895818 a multiple of 2?
True
Is 96491440 a multiple of 92?
True
Is 80490926 a multiple of 1658?
True
Is 31748587 a multiple of 101?
False
Is 68249313 a multiple of 1727?
True
Does 4 divide 7695026?
False
Is 116512687 a multiple of 1094?
False
Does 85 divide 2694640?
False
Does 17 divide 347651853?
True
Does 9 divide 490560516?
True
Is 10702294 a multiple of 3?
False
Is 34120104 a multiple of 668?
True
Is 175 a factor of 145590501?
False
Does 260 divide 28965959?
False
Is 59161915 a multiple of 2486?
False
Is 219772829 a multiple of 19?
True
Does 38 divide 49509098?
True
Is 690989656 a multiple of 2883?
False
Is 176 a factor of 71456847?
False
Does 339 divide 53926151?
False
Does 15 divide 309912555?
True
Does 699 divide 17222148?
False
Is 2304136347 a multiple of 183?
True
Does 37 divide 1753393?
True
Is 45 a factor of 80041590?
True
Does 705 divide 85550223?
False
Is 14 a factor of 39719246?
True
Is 60469549 a multiple of 7?
True
Is 64668641 a multiple of 7?
False
Is 164 a factor of 370758736?
True
Does 487 divide 13758237?
True
Is 20723114 a multiple of 1270?
False
Is 915906385 a multiple of 6311?
False
Does 42 divide 224542248?
True
Is 985449145 a multiple of 22?
False
Is 39 a factor of 126415419?
True
Is 12332479 a multiple of 393?
False
Is 361 a factor of 40411162?
False
Does 824 divide 38795568?
True
Is 393 a factor of 300218988?
True
Is 136 a factor of 179191832?
True
Is 823 a factor of 1826322?
False
Is 376 a factor of 108492544?
True
Is 337 a factor of 295345660?
False
Is 1511 a factor of 836818?
False
Is 6 a factor of 6390411?
False
Is 115 a factor of 146286334?
False
Is 11781325 a multiple of 152?
False
Is 354922223 a multiple of 19?
True
Is 825 a factor of 223856338?
False
Is 1161 a factor of 423221652?
True
Is 125 a factor of 107156250?
True
Is 10491 a factor of 5995888713?
False
Does 338 divide 91677118?
False
Is 2085120 a multiple of 32?
True
Is 19416975 a multiple of 85?
True
Is 3217669 a multiple of 7?
True
Is 69 a factor of 2814992198?
False
Is 217 a factor of 50004484?
False
Does 557 divide 74291352?
False
Is 8393578 a multiple of 5?
False
Does 213 divide 11231701?
False
Does 1273 divide 401068414?
False
Does 2 divide 3290643?
False
Is 4 a factor of 27701889?
False
Is 81 a factor of 97331915?
False
Does 239 divide 20206016?
True
Does 44 divide 67266635?
False
Is 6 a factor of 361978296?
True
Does 1499 divide 215770548?
False
Does 53 divide 174715348?
True
Is 30 a factor of 36692430?
True
Does 3 divide 1627541?
False
Is 375676502 a multiple of 39?
False
Does 11 divide 7857821340?
False
Is 16 a factor of 106795778?
False
Does 99 divide 1346202495?
True
Does 647 divide 3148054846?
True
Does 53 divide 5042182703?
False
Is 92826044 a multiple of 33?
False
Is 3962595 a multiple of 13?
True
Is 7226 a factor of 1194775744?
True
Is 27477610 a multiple of 47?
True
Does 38 divide 8613309?
False
Does 376 divide 261222240?
True
Is 14842557 a multiple of 113?
False
Is 158 a factor of 18423432?
True
Does 34 divide 26191322?
T